digit of t/(-3)*(-8)/20?
0
Suppose k = -x + 32, 0 = k - 4*x - x - 20. Suppose -8*s + 5*s = -k. What is the units digit of s?
0
Suppose -4*t + 74 = -2*v, -t = 4*t - 3*v - 91. Let d be (-27)/(2*(-3)/t). Suppose -4*o = o - d. What is the units digit of o?
8
Let m be 45*2 - (6 + -10 + 2). Let s = m - 64. What is the units digit of s?
8
Let n(t) = -3*t - 13. Let u be n(-6). What is the tens digit of 12/(-6) + 3 + u*3?
1
Let s(r) = r**3 - 2*r**2 - r + 3. Let p be s(3). Let w be p/27 + (-2)/6. Suppose w = -q + 10. What is the units digit of q?
0
Let t(z) = -9*z + 4. Suppose u + 2*q = -9, 3 = -2*u + q - 0*q. What is the units digit of t(u)?
1
Let m(t) = -2*t**3 - 9*t**2 + 6*t + 12. Let c be m(5). Let j = -232 - c. What is the hundreds digit of j?
2
What is the tens digit of 90/(-27)*678/(-4)?
6
Let x be (368/12)/(-2 - 44/(-21)). Suppose -2*v + 301 = -3*a, -2*v = a + 3*a - x. What is the hundreds digit of v?
1
Let p(f) = -2*f - 23. Let g be p(-12). Let i = 6 - g. What is the units digit of i?
5
Let k be (3 - 4 - -1) + (-2156)/(-4). Let h = k - 323. What is the units digit of h?
6
Let a = 145 - 60. Suppose a + 3 = 2*c. What is the units digit of c?
4
Suppose 0 = 3*h + 2*h - 100. Suppose 2*b - h = -2*b. Suppose -2*j - i + b*i + 48 = 0, 2*i = -5*j + 72. What is the units digit of j?
6
Let z = -29 - -29. Suppose 3*p - 55 + 1 = z. Suppose 4*k = k + p. What is the units digit of k?
6
Let n be (-3)/(-3)*13 + 2. Suppose n = q + 4*w, 11 = 2*w + 3. Let u(t) = -27*t**3 + 2*t**2 + t. What is the units digit of u(q)?
8
Suppose 2*t + 1 + 30 = 3*i, i = -5*t - 18. What is the units digit of i?
7
What is the tens digit of (7/(-2))/(2/(-396))?
9
Suppose 8*a - 3*a + 145 = 0. Let m = a - -48. What is the units digit of 4/16 - m/(-4)?
5
Let s = -25 - -29. Suppose w - 6 = s*w. What is the units digit of w/(-3) - 65/(-15)?
5
Let g = 22 - 22. Suppose -3*i + 3*f + 18 = 0, -i + f - 6*f - 18 = g. Suppose 3*h = -4*x + 19, 0 = -i*x + 2*h + h + 23. What is the units digit of x?
7
Let o = -19 - -15. Let j be 0*(o - -4 - -1). Suppose 24 = 3*w - 4*a, 5*w - 40 = 3*a - j*a. What is the units digit of w?
8
Let r = 1244 - -36. What is the units digit of r?
0
Let r = -26 + 44. Let a = 10 - r. Let y = a - -10. What is the units digit of y?
2
Suppose 3*m - 21622 = -9697. What is the hundreds digit of m?
9
Suppose 5*p - o - 80 = 23, -2*o = -4. Suppose p*y = 14*y + 539. What is the units digit of y?
7
Let s = 32 + -27. What is the units digit of (16/s)/(8/60)?
4
Suppose 4*n = -t - 2*t - 4, -4*n - 4*t = 8. Let j(z) = -2*z**3 + 2*z**3 - z**3 - 2*z**n - 2 + 1. What is the units digit of j(-3)?
8
What is the hundreds digit of 1 - -3268 - (24 + -17)?
2
Let g(v) = 7*v**2 + 2*v. Let d be g(1). Suppose d*x - 5*x = 0. Suppose -5*m - 5*t + 120 = x, 5*m = -0*t - 4*t + 116. What is the units digit of m?
0
Let r = -851 - -2586. Suppose -9*d - 628 = -r. What is the units digit of d?
3
Let m(p) = -85*p - 6. Suppose -5*s = -3*s - 3*v - 7, s + 4*v + 13 = 0. What is the tens digit of m(s)?
7
Let l(u) = u**2 - 5*u + 3. Let q be l(6). Suppose 776 = q*b - b. Suppose 4*r - 3 = -i + 76, -5*r - 3*i + b = 0. What is the tens digit of r?
2
Suppose -5*w = -3*w - 4*w. Suppose w*q - 2*q + 54 = 0. What is the tens digit of q?
2
Let k be (85/60 + 2/8)*3. Suppose 2*a = -2*o + 7*o + 157, -k*o = 25. What is the tens digit of a?
6
Suppose 3*u - 196 - 1976 = -3*i, -3600 = -5*u + 5*i. What is the units digit of u?
2
Let j(w) be the third derivative of w**4/24 + w**3/2 + w**2. Let k be j(-4). What is the units digit of 35 + 2/(-3 - k)?
4
Let c = 10198 - 7132. Let r be (0 - 2) + c/3. What is the tens digit of 1/(-2) + r/24?
4
Let k be 22/3 - (-6)/(-18). Let f(p) = 123*p - 1. Let c be f(k). What is the tens digit of c/25 - (-4)/(-10)?
3
Let f(s) = -4*s**2 + 8*s - 8. Let i(j) = j**2 - 3*j + 3. Let c(y) = 4*f(y) + 11*i(y). Let d be c(2). Let z = 45 + d. What is the tens digit of z?
2
Suppose 0 = -19*t + 18*t - 61. Let r = 116 - t. What is the hundreds digit of r?
1
Let k(a) = -a**3 - 18*a**2 - 32*a + 249. What is the hundreds digit of k(-24)?
4
Suppose -j = -5 + 3. Suppose 3*m - j*k - 3*k = 405, -k + 540 = 4*m. What is the units digit of m?
5
Let a(j) = 454*j - 37. What is the hundreds digit of a(1)?
4
Let a(s) = 10*s - 17. Let n be a(4). Suppose -24*p + n*p + 75 = 0. What is the tens digit of p?
7
Suppose -3 = -3*d - 3*q, d - 3*q - 5 = 2*d. Suppose -3*u - d*k = u - 388, 3*u + 4*k - 287 = 0. What is the units digit of u?
1
Let b be (2/4)/((-23)/(-230)). Suppose -4*y + b*f = -824, -5*y + 3*f + 582 = -448. What is the units digit of y?
6
Let g = 53 - 45. What is the tens digit of (3 - (-198)/g)/(15/40)?
7
Let p(h) = -2*h**2 - h. Let q be p(1). Let l be ((-21)/(-9))/(q/(-9)). Suppose -i = c - 32, i - 2*c - 36 + l = 0. What is the tens digit of i?
3
Suppose 3*c = -5*a - 0*a + 4558, a = 5. What is the hundreds digit of c?
5
What is the thousands digit of 69954/42 - 10/(-7)?
1
Let m(u) = -u**3 - 2*u**2 + 3*u - 3. Suppose 0 = -3*y + 4*k + 4, -y - 28 = 2*y + 4*k. What is the tens digit of m(y)?
1
Let f be ((-2)/(-6))/(1*(-4)/(-12)). What is the units digit of 64 + (4/(-8))/(f/6)?
1
Let v = -236 + 3344. What is the units digit of v?
8
Let h = -31 + 21. What is the units digit of ((-65)/39)/(h/36)?
6
Let x = 194 + 169. Suppose x = 2*m - g, -5*g - 195 = -4*m + 3*m. What is the tens digit of m?
8
Suppose 0 = -5*r - 0*r. Suppose 3*n = -5*s + 33, r = 3*n - s + 3*s - 24. What is the units digit of (-159)/(-5) - n/(-30)?
2
Let j = 187 + -41. What is the hundreds digit of j?
1
Suppose -8*b = -2*b. Suppose 15*p - 13*p + 20 = b. Let z = p - -25. What is the tens digit of z?
1
Let c = 66 - 58. Suppose c*b - 433 = 1271. What is the units digit of b?
3
Suppose m = -6*p + 3*p + 1125, 2*p + 4556 = 4*m. What is the thousands digit of m?
1
Suppose -4*v = -5*z - 416, -5*z + 315 = 5*v - 250. Let c = v + -192. Let q = 121 + c. What is the units digit of q?
8
What is the hundreds digit of 150/(-60)*-1*906?
2
Let b(d) = 9*d**3 - 5*d**2 - 14*d + 41. What is the units digit of b(6)?
1
Suppose 3*k - 4*k + 11 = 0. Suppose -96 = k*y - 9*y. Let d = -34 - y. What is the tens digit of d?
1
Let p be -3 + -2 + (-4 - -7). Let b(a) = -21*a + 2. Let g be b(p). Suppose 2*z = -y + 28, -5*z + 4*y + 0*y = -g. What is the tens digit of z?
1
Suppose 4*i + i + z - 489 = 0, -3*i = 2*z - 292. What is the units digit of i?
8
Let q be (-2)/(3/12*-2). Suppose 0*n - 869 = -q*r + 5*n, r = -3*n + 213. What is the tens digit of 4/10 + r/10?
2
Suppose 7*p = 5*p + 2, 0 = -5*i - 2*p - 463. Let s = 166 + i. What is the tens digit of s?
7
Suppose 0 = -2*y + 3*y - 3*v - 2331, 4*y = -4*v + 9260. What is the tens digit of y?
1
Let n = 5267 - 2676. What is the tens digit of n?
9
Suppose 5*r + p = 3781 + 2724, 3*r = 5*p + 3903. What is the thousands digit of r?
1
Let z be ((-8)/6)/((-10)/15). Let b be z - ((-18)/3 - -3). What is the units digit of 2 + -2 + -3 + b?
2
What is the hundreds digit of ((-6)/3)/(16/(-4776))?
5
Let p(z) = 6*z + 10. Let y be p(-5). Let f be (16/y)/(4/(-10)). Let c = 17 + f. What is the tens digit of c?
1
Let o be (-2)/(-2 - (-84)/44). Let n = o + 177. What is the units digit of n?
9
Suppose 3*b = a - 888, -4*a + 3496 = -b + 3*b. What is the hundreds digit of a?
8
Suppose 0 = 4*f - 56*u + 60*u - 904, 2*u - 10 = 0. What is the hundreds digit of f?
2
Let t = -3 + 9. Suppose 2*o = 4*l - 0*l + 172, 0 = 2*o + 8. What is the tens digit of (l/t)/((-3)/4)?
1
Let s = 2237 - 1232. What is the hundreds digit of s?
0
Let m be (-6 - -7)*(0 - -2). Suppose m*r = r. Suppose r*q = -4*i + 3*q + 131, -5 = 5*q. What is the tens digit of i?
3
Suppose -11*t + 15327 = -12943. What is the hundreds digit of t?
5
Suppose -n - 413 = -8*n. Suppose 143 = 3*c - 2*m, 4*m - 9*m = c - n. What is the units digit of c?
9
Let f be (-16)/120*5 + (-2056)/(-6). Suppose f = 4*d + 5*y, -7*d + 9*d + 5*y - 176 = 0. What is the units digit of d?
3
Let b(o) = 145*o - 36. What is the hundreds digit of b(5)?
6
Let y(u) = -25*u + 11*u + 5*u**2 - 33 + 27*u. Let v(i) = -11*i**2 - 27*i + 67. Let j(t) = -6*v(t) - 13*y(t). What is the tens digit of j(8)?
3
Let v be 0/(3 + -4 - -3). Suppose -2*o = -5*h - 10 - 54, v = -2*h. Let x = o + -2. What is the units digit of x?
0
Let d(o) = o**2 - 3*o. Let n be d(3). Suppose -m + 7*m - 1